- 8 - (1 + -6).
0
Calculate 3 - ((-5 - -10) + -11 - -5).
4
What is (-3 - -1 - 0) + (-11 - -16)?
3
Calculate 240 + -227 - (24 + 0).
-11
Calculate -2 - (5 + -13 + 5).
1
What is the value of (27 - 27) + (0 - 1)?
-1
0 + (1 - (-6 - -10))
-3
Calculate -4 - (-4 + 4 + -2) - 2.
-4
Calculate -7 + (10 - (5 - -1)).
-3
What is 11 + -2 - (0 + 5)?
4
What is 7 - (-1 - (-7 + 4))?
5
What is the value of (4 - 1) + 0 - 8?
-5
What is the value of -2 + (6 - (-6 + 7))?
3
Calculate -73 + 82 - ((4 - 3) + 2).
6
1 + -8 - (8 - (-9 - -21))
-3
Calculate (-4 - -2) + (6 - (1 - -4)).
-1
Evaluate -6 - (1 - 4) - (-3 - 0).
0
Evaluate 1 - (0 + 2) - (-13 - -11).
1
Calculate 1 + (0 + 6 - 9).
-2
Calculate (3 - 2) + (-4 - -3) - -1.
1
What is -3 + (1 + 12 - 3)?
7
What is -6 + 0 + 3 - -4?
1
What is 5 + (-4 - (-2 - 2))?
5
8 - 1 - (13 - 7)
1
Evaluate 17 + -14 - ((1 - -2) + 2).
-2
What is the value of 7 + -4 + 5 + -5?
3
Calculate (-4 - (-7 - (0 + -2))) + 5.
6
Evaluate 5 + (-3 - (8 - 6)).
0
Evaluate (-12 - (-11 - -9)) + 9.
-1
What is (1 - 3 - 3) + -2 + 10?
3
Calculate 1 + (1 - 4 - -2).
0
What is (-3 - -4) + 0 - (0 + 1)?
0
(-4 - -5) + (-4 - 1)
-4
Evaluate 2 + (7 - 7) + 3.
5
What is (1 - -16) + (-25 - -14)?
6
Calculate -1 + (-6 - -2 - (0 + -3)).
-2
What is the value of -4 + -4 + (2 + 2 - 1)?
-5
Evaluate -12 + 14 - (-4 - -2).
4
Calculate 4 - (-2 - (3 - 12)).
-3
Calculate -8 + (6 - 7 - -3).
-6
-4 + (0 + -2 - -9)
3
What is the value of -9 - (2 - (4 - -7))?
0
What is the value of (0 + 2 - (-15 - -19)) + -3?
-5
What is the value of 1 + 2 - (7 + 0 + -6)?
2
Evaluate 1 - (0 + -2 + 7).
-4
4 + (-3 - 2) + (0 - 0)
-1
Calculate 3 + -11 + (7 - (3 + -2)).
-2
Calculate -2 + (5 - -5) + -10.
-2
What is 8 - 5 - (-2 - -5)?
0
9 + 2 + (5 - 19)
-3
Calculate 9 + (-10 - -9 - (5 - 2)).
5
What is -10 - (-9 + 6 + -1)?
-6
Calculate 12 + -6 + -1 + -5 + 3.
3
What is 1 + (-2 + -1 - 0)?
-2
What is the value of -14 - (0 - (34 + -12))?
8
-1 + 5 + (-2 - -1) - -1
4
Calculate -7 + 0 + 2 + (1 - -3).
-1
Evaluate 6 + -1 + -3 + 0.
2
Calculate 12 - ((7 - 4) + 2).
7
What is the value of 0 - (2 - ((4 - 2) + 2))?
2
-131 - -121 - (-1 + -4)
-5
Evaluate -5 + 1 - (-9 + 10).
-5
What is -1 + 0 + 4 + 35 + -35?
3
What is 5 + (0 - (8 + -2))?
-1
Evaluate -7 + -3 - (20 + -26).
-4
2 - 12 - -17 - 2
5
Evaluate -2 + 1 + (-6 - -1) + 0.
-6
-12 + (5 - -3) + 9
5
What is the value of -4 + (-1 - ((1 - 2) + -3))?
-1
What is the value of 4 + 2 + 2 + -10?
-2
What is the value of 0 + (-2 + 6 - 1) - -5?
8
What is the value of 8 + -14 + (6 - 1)?
-1
Evaluate -4 - (-11 + (4 - -3)).
0
Calculate -4 + (0 + 5 - 3).
-2
Evaluate (4 - 10 - -3) + (-5 - -9).
1
(0 - 3) + (14 - (-6 - -24))
-7
What is 12 + 0 - 9 - 7?
-4
What is the value of 5 + -4 - (-3 - (-2 + -4))?
-2
Evaluate -3 - (-8 + 1 + 2).
2
Evaluate (5 - (-4 - -6)) + -1.
2
-8 - (0 + 5 + -9)
-4
Evaluate (-3 - (4 - 2 - 4)) + 6.
5
Evaluate -5 - (-2 + -5) - 0 - 1.
1
Calculate -7 + (11 + -11 - 0).
-7
Calculate -4 + (-3 - -9 - 8).
-6
Calculate -1 + (-10 - -8) - (-1 - 0).
-2
5 + (-8 - -8) + -6
-1
Evaluate 0 - 1 - (7 + -14).
6
What is -7 - (-26 + 14 + 8)?
-3
What is the value of 9 + -8 + -2 - (-4 - 3)?
6
Calculate 2 + (1 - ((1 - 1) + 4)).
-1
Evaluate -3 + (6 - 3 - 8).
-8
-29 + 27 - ((8 - -1) + -2)
-9
What is the value of (2 - (0 + 0)) + (-1 - -4)?
5
9 + -1 + -11 + -2
-5
What is the value of -1 + 2 - (0 + -1)?
2
What is -2 + 1 + -1 + 18 + -15?
1
What is -3 + 8 + -2 + -6 + 4?
1
Evaluate 3 - (6 + 6) - (-1 + -3).
-5
Calculate -5 + 8 + -6 - (1 - 3).
-1
What is the value of (0 - 1) + -11 + 12?
0
-5 - (-17 - -1 - (40 - 44))
7
What is 22 + -17 - (1 + -1 + 11)?
-6
Evaluate 8 - 16 - (1 + -1) - -11.
3
Evaluate (4 - (3 + -1 - -6)) + 3.
-1
Evaluate -4 - (-11 - -15 - 1).
-7
0 + 3 - (-4 + (-2 - -7))
2
What is the value of (-8 - -12) + (-3 - 1)?
0
What is the value of -10 + 12 + -7 - 3?
-8
Evaluate -2 - -2 - (19 - 21).
2
What is the value of 6 + (0 - 5) + -5 + -1?
-5
What is the value of 1 - 7 - 2 - -3?
-5
Calculate 1 + (0 - (-1 - 3)).
5
Calculate (-1 - -8) + -6 + -6 - -2.
-3
What is 12 + (-2 + 10 - 27)?
-7
-7 + (3 - (-9 - -6))
-1
What is the value of -1 + 0 - (24 + -16)?
-9
Calculate 10 - (14 + (2 - 8)).
2
Evaluate (3 - 2 - 5 - -5) + 1.
2
Evaluate (-3 + 18 - 6) + -9.
0
Evaluate -19 + 10 + 33 - 14.
10
What is 7 - (-3 + -3 + 12)?
1
What is (-7 - (0 - (6 - 3))) + -4?
-8
What is (175 - 181) + (2 - (1 + 1))?
-6
What is the value of -4 + (-4 - -9 - 3)?
-2
What is (3 - -2) + -5 - 1?
-1
8 + (-2 - 5) + 1 + 2
4
What is (9 - 3 - 1) + -3 + 0?
2
Calculate 0 + (2 + -4 - 0) - -4.
2
What is the value of (-2 - -10) + -12 + 5?
1
Calculate 13 + (-6 - 9) - -8.
6
1 - (1 - -4 - 6)
2
What is the value of 11 - 6 - 2 - 13?
-10
What is the value of 2 - (-4 - (1 + -9))?
-2
1 + 5 + -10 + (1 - -5)
2
What is the value of 6 + -7 + (-2 - 0 - 4)?
-7
Evaluate 1 - 7 - (4 + 0 + -6).
-4
What is -2 + 5 - (7 - (6 + 1))?
3
Calculate -49 + 49 - (2 + -1).
-1
What is 7 + 1 - (8 - 5)?
5
Evaluate 7 - (5 + -6 + 3).
5
What is the value of -5 - (-9 - (-4 - 7))?
-7
Evaluate (1 - -7) + -4 - 3.
1
What is 5 + (-4 - -2) - (6 - 6)?
3
What is (-5 - -9 - 0) + 4 - 2?
6
Evaluate 3 + (1 - 7) + 4 + 4.
5
What is -8 + 1 + 0 + 3?
-4
Calculate 1 + (-14 - -4) + 5.
-4
Calculate -7 + -2 + -4 + 4 + 15.
6
What is the value of 1 + -16 + 3 + (0 - -6)?
-6
Evaluate -6 + (16 - 22 - (-1 - 8)).
-3
(-11 - -1) + 24 + -18 - -8
4
Calculate (8 + 9 - 21) + (1 - 3).
-6
What is (10 - 4) + -4 + (1 - -2)?
5
What is -5 + (0 - 4) + 4?
-5
Calculate -3 + (7 - 8) + (2 - -6).
4
What is the value of 16 + -13 + (-1 + 4 - 2)?
4
What is the value of 5 + (9 - 8) - 2?
4
Evaluate 1 + (0 - -3) + -1.
3
What is -1 + -3 - (-38 - -32)?
2
Calculate (-1 - -3) + (-3 - -5).
4
What is the value of -2 + -4 + 3 - -1?
-2
What is the value of (45 - 35) + -13 + -1?
-4
What is -1 - -1 - (0 + (-1 - -1))?
0
What is the value of -5 - (-6 - (0 - -4)) - 2?
3
What is the value of (-17 - -7 - -4) + 2 + -2?
-6
What is the value of -2 + 0 + 5 + -6?
-3
Evaluate -1 - -2 - (-5 + 8 + -2).
0
What is (1 - 13) + 15 - 2?
1
Calculate -6 - -4 - 2 - 1.
-5
What is the value of 10 + (-3 + 3 - 5)?
5
What is the value of (3 - 5) + (-1 - 2 - -8)?
3
What is -2 + 4 + (-3 - 2)?
-3
Calculate 1 + 0 + (-8 - (-4 - 5)).
2
What is the value of (1 - 3) + -1 + 2 + -2?
-3
What is -4 + (1 - (-3 - -2) - 0)?
-2
What is -8 + 9 + 0 + (-2 - 3)?
-4
Calculate -3 + 0 - (-8 + -8 + 11).
2
3 - 3 - (5 + 1)
-6
-3 - (-1 - -1) - -4
1
Evaluate -9 - (-2 - -1) - (1 + -4).
-5
Evaluate (2 - 11) + (3 + 3 - 1).
-4
What is -9 + 15 + 0 + -3 - 7?
-4
What is the value of 1 + -1 + -7 + 7 - -6?
6
-7 + 4 + 0 - 0
-3
What is (-77 - -76) + (1 - (6 + -2))?
-4
Calculate 12 - 7 - (-6 - -10).
1
Calculate -5 + 2 - -2 - 2.
-3
Calculate 4 + (-4 - (-1 + -4)).
5
Evaluate 2 + -2 + 2 - -2.
4
Calculate 1 + 1 + (-2 - -4) + -3.
1
What is 0 + (3 - 2) - -3?
4
What is 6 + 2 - (4 + 10)?
-6
What is the value of 5 + -1 + -2 + -2?
0
What is the value of -7 - (-5 - ((-5 - -3) + -1))?
-5
What is the value of 6 - (1 - -3) - (-1 - -3)?
0
What is (-3 - (-3 + 5)) + 2 + -2?
-5
What is 9 - (3 + 6 + 1)?
-1
What is 5 + -1 - (12 - 11)?
3
Evaluate (0 - 2) + 4 + 3.
5
Evaluate 1 + 0 - 3 - (3 - 1).
-4
What is 0 + 0 + (1 - -4)?
5
Evaluate (6 - -2) + (-8 - -3).
3
What is -2 + (2 - 0) - 4?
-4
Evaluate (8 - 2 - (27 - 28)) + -1.
6
What is the value of (2 + -3 - 4) + (-4 - -5)?
-4
Calculate -4 + -1 - -16 - 6.
5
Evaluate 8 + (-2 - -3) + (-5 - -1).
5
What is 0 - (3 - (2 + 3))?
2
Evaluate 11 + -2 + -1 + -3 - 2.
3
Calculate -9 + 1 + (10 - (-14 - -14)).
2
Evaluate (9 - 7) + 2 + 1.
5
(-15 - (-5 - 6)) + -2
-6
-1 + 5 + (-1 - (-4 + 6))
1
-5 + (-11 + 5 - -9)
-2
(-1 - 1 - -2) + 0
0
4 + -1 - 9 - -3
-3
0 + (1 - -1 - 5)
-3
Evaluate -5 + 4 + (0 - -6).
5
What is -4 + 4 + -5 + 4?
-1
Evaluate (1 - 5 - 7) + 8.
-3
5 - (2 + 2 + -1)
2
What is the value of 24 + -3 + -4 - 9?
8
What is the value of 4 + (4 - 0) + (-18 - -9)?
-1
Evaluate -8 - ((1 - (0 + 6)) + -1).
-2
Calculate (-1 - (-3 - (5 - 3))) + 3.
7
Calculate (14 - 0) + (-41 - -32).
5
-6 - (-6 + 10 + -5)
-5
Evaluate -6 - (3 + (5 - (1 - -10))).
-3
What is 7 + -1 - (-7 - (-21 - -3))?
-5
(-17 - -13) + (-1 - (-1 + 0))
-4
Evaluate 2 + (-5 - (-11 + 4)).
4
What is 7 + 5 + -17 + (0 - -15)?
10
What is -7 + 6 + (-5 - -5)?
-1
Calculate (-1 - -6) + (-8 - 0) + -4.
-7
Calculate 6 + -5 + 1 + 3.
5
Evaluate -2 + (7 - 4) + (3 - 1).
3
(3 - (5 + (-